prime factors of q.
7, 29
Suppose 2*m = -2*i + 21100, -3*m + 9516 = 4*i - 32679. What are the prime factors of i?
3, 5, 19, 37
Suppose 2*r - 14 = -f, -11*r = -3*f - 6*r - 13. List the prime factors of (4 - 6)/(f/(-302)).
151
Let i = 44 + -53. Let r = -7 - i. Suppose -4*h = -f + 47, 0*f + h - 130 = -r*f. List the prime factors of f.
3, 7
Suppose 5*x = -3*f + 19, 3 = 4*x + 3*f - 11. Suppose 3*l = l + x*v + 1730, -5*l + 4*v = -4291. List the prime factors of l.
3, 5, 19
Suppose 88021 + 340094 = -595*t + 610*t. What are the prime factors of t?
28541
Let n(q) = -q**3 - q**2 - 71*q + 244. List the prime factors of n(-32).
2, 3, 5, 571
Let f(g) = -31*g + 44. Let s = 250 + -256. List the prime factors of f(s).
2, 5, 23
Let m(g) = 101*g - 5405. List the prime factors of m(70).
3, 5, 37
Let q = 109 + -89. Suppose 6*v - q*v = -1260. What are the prime factors of v?
2, 3, 5
Let c(m) = -2489*m**3 - 2*m**2 - 73*m - 142. What are the prime factors of c(-2)?
2, 3, 7, 79
Let b(l) = -13*l - 18. Let a be b(-3). Let z be (a/6)/7*412. Let k = -119 + z. What are the prime factors of k?
3, 29
Let y = 268 + -273. Let x(g) = -3*g**2 - 22*g. List the prime factors of x(y).
5, 7
Suppose u - 84 = -u. Let s = -39 + u. Suppose s*k + 16 = 4*k. What are the prime factors of k?
2
Let a = 47 - 49. Let f be -1*4390 + 16/(-7 + 3). List the prime factors of f/(-52) + a/4.
2, 3, 7
Let u(p) = 6*p**2 - 54*p + 33. What are the prime factors of u(-11)?
3, 11, 41
Let r(p) = p**3 - 16*p**2 + 26*p + 17. Let n = 20 - 5. Let g be r(n). Suppose -5*y + 3*y + g = 0. What are the prime factors of y?
7, 13
Suppose 5*k - 2160 = -21*j + 19*j, -2*j = 2*k - 858. Let m = k + 100. What are the prime factors of m?
2, 3, 89
Suppose -2*w - 836*g + 838*g + 14614 = 0, 0 = 2*w - g - 14618. What are the prime factors of w?
3, 2437
Let h be (3/4)/((-10)/(-120)). Let l(n) = -53 - n + h*n + 2*n. What are the prime factors of l(6)?
7
Let j(i) = 7 - 6 - 22 + 5*i. Let w be j(5). Suppose 10 = -2*v - 0*v, v = w*n - 385. What are the prime factors of n?
5, 19
What are the prime factors of -14*272/(-357)*(74250/(-8))/(-5)?
2, 3, 5, 11
Let n be -48*((-4)/22 - (-39)/33). Suppose 5*s + 5*f = 55, 2*s - f - f = 18. Let h = s - n. What are the prime factors of h?
2, 29
Let w(l) = -35*l**3 - 2*l**2 + 34*l + 82. What are the prime factors of w(-3)?
907
Let y = -368 - -1478. Suppose 3*d - 2*x - y = 0, 2*d + 3*x + 0*x = 753. List the prime factors of d.
2, 3, 31
Suppose -2*q = 5*j - 10, 0 = -2*q + 3*j - 6. Let r be 2/2*-1*q. Suppose 2*a + 32 + 23 = 5*k, r = 3*a - 15. List the prime factors of k.
13
Suppose -20840 + 170202 = 23*h. List the prime factors of h.
2, 17, 191
Let n = -13523 - -19466. What are the prime factors of n?
3, 7, 283
Suppose -r = -4*j - 13433, -5*j = 39 - 34. List the prime factors of r.
13, 1033
Let y = 231 - 227. Suppose y*k = k + 2454. What are the prime factors of k?
2, 409
Let m(z) = -520*z - 1592. What are the prime factors of m(-64)?
2, 17, 233
Let z(v) = -v**3 - 12*v**2 + 2*v - 5. Let k be z(-9). Let w be 3/(2/4*9/(-21)). List the prime factors of k/w*1*4.
2, 19
Let x(a) be the first derivative of -a**4/4 - a**3/3 + a**2 + 7*a + 64. What are the prime factors of x(-2)?
7
Suppose -5*d + 10 = -0. Let n(h) = -h**3 - 16 + 89*h**d - 20*h + 93*h**2 - 192*h**2. What are the prime factors of n(-10)?
2, 23
Let u(c) be the second derivative of c**5/20 + 5*c**4/6 + 13*c**3/6 + 11*c**2 + 8*c. Let l be u(-9). List the prime factors of l/(-21)*474/4.
79
Let y be (8/((-32)/(-6)))/((-6)/(-556)). Suppose 1693 = 2*t + y. Suppose t = 4*r + 181. What are the prime factors of r?
149
Suppose -41*x = -31*x - 1220. Suppose -f = -253 - x. What are the prime factors of f?
3, 5
Suppose 5*p + 714 = -5*h - 481, -2*p = -h - 242. Let y = h + 344. What are the prime factors of y?
2, 13
Let x(b) = -32*b - 16 - 45*b + 91*b - 37*b. List the prime factors of x(-30).
2, 337
Suppose -12 = -2*f - 4*o, 4*f + 0 = 3*o + 2. Suppose -320 = g - 3*g + f*k, -4*g + 638 = -5*k. Suppose 9*w = 10*w - g. What are the prime factors of w?
2, 3
Let m(r) = -33*r + 56. Let s be (-2)/10*-4 - (-6216)/(-370). What are the prime factors of m(s)?
2, 73
Let r = 294 - 162. Let q = r + -124. What are the prime factors of q?
2
Let v(s) = 94*s**3 - 6*s**2 - 5*s + 7. Let d be v(3). Suppose -1460 = -3*r + d. List the prime factors of r.
2, 41
Suppose 5*p - 4*o = 44, -8*o = p - 11*o. Suppose 2*y = -p*y + 16156. List the prime factors of y.
2, 577
Suppose 4*w - 13 + 967 = 3*g, 4*g + 8*w = 1192. What are the prime factors of g?
2, 5, 31
Let q = -2354 + 13060. List the prime factors of q.
2, 53, 101
Suppose -254 = 8*y + 258. Let d = y - -104. What are the prime factors of d?
2, 5
Suppose 5*w = 5*d + 55, 0*w - 5*d = -w + 7. Let n(h) = 2 + 1 + 13*h + 4 - w. What are the prime factors of n(12)?
151
Suppose -11*y = -10*y - 4*b - 5104, 5*y = 3*b + 25384. List the prime factors of y.
2, 317
Suppose -2*t - 33950 = -k, -2*k + 2*t + 27824 + 40076 = 0. List the prime factors of k.
2, 5, 7, 97
Let u(h) = h**2 + 7*h - 37. Suppose -2*d = -0 - 10. Let y be -15*-5*((-16)/d + 3). List the prime factors of u(y).
83
Suppose 3*t - 9*t = 13*t. Suppose -17*j - 3510 = -21*j + 2*m, -4*j - 4*m + 3504 = t. What are the prime factors of j?
877
Let f(s) = s**3 + 9*s**2 + 3*s - 5. Let c = -6 - 2. Let b be f(c). Suppose 2*p = x - 2*p + 1, x = -5*p + b. List the prime factors of x.
3, 5
Let z(y) be the first derivative of y**2/2 - y + 26. Let h be z(3). Suppose 11*i = h*i + 2250. List the prime factors of i.
2, 5
Suppose -3*z + 2*q = 8, -2*z + 3*q - 5*q = -8. Suppose -7*g + 588 = -3*g. Suppose z = -5*j + 23 + g. List the prime factors of j.
2, 17
Let q(u) = -4*u - 15. Let m be q(-5). Suppose 0 = m*k + 4*n + 1701, -3*k - 1031 = -0*k + 5*n. Let x = -202 - k. List the prime factors of x.
3, 5
Let p = 99 - -43. Let t = -130 + p. Suppose -5*s - 4*q = -167, -t*s + 2*q + 144 = -8*s. What are the prime factors of s?
5, 7
Let l(n) = 2*n**3 - 7*n**2 - 8*n. Let o be l(6). Let j(c) = 5*c**2 + 148*c + 353. Let u be j(-27). Suppose -u*g + 50 = -o. List the prime factors of g.
7, 13
Let p(b) = 131 - 33*b - 26*b - b**3 + b**2 + 58*b. What are the prime factors of p(0)?
131
Let w = 10586 + -3700. What are the prime factors of w?
2, 11, 313
Let q(i) = 68*i - 272. Suppose 5*b + 3*u - 126 = 0, -2*b - 3*u = -2*u - 50. List the prime factors of q(b).
2, 5, 17
Let n be 3*(4 - (-7)/(-3)). Suppose -n*s - k = -0*s - 825, -3*s + k + 503 = 0. Suppose 3*l - s = -5*f, -3*l = -3*f - 221 + 47. List the prime factors of l.
3, 19
Let l(z) = 280*z - 1105. List the prime factors of l(14).
5, 563
Let q be 1748/(-23)*2/(-4). Suppose 0 = 12*l - q*l + 2704. List the prime factors of l.
2, 13
Let x be (-14)/84 - 10009*(-2)/12. Suppose 0 = -27*w + 33*w - x. What are the prime factors of w?
2, 139
Let m = 127 + -124. Suppose 2*c - m*v - 8 = 0, 9 = c + 5*v - 4*v. Let w(s) = 6*s**2 - 6*s + 18. List the prime factors of w(c).
2, 3, 5
Let l(x) = -4*x**2 + 2*x - 8. Let d be l(-2). List the prime factors of -216*(77/d - -1).
2, 3, 7
Let n(z) = 82*z**2 + 13*z - 210. List the prime factors of n(7).
7, 557
Suppose 5*k - 28 = -3. Let i(a) = 2*a**3 - 8*a**2 + 5*a - 10. Let n be i(k). Suppose -p + b + n = 0, -2*p + b - 29 + 158 = 0. What are the prime factors of p?
2
Let s = 8105 + 1838. List the prime factors of s.
61, 163
Suppose 102724 = 4*r - 32*k + 7*k, -5*k = -2*r + 51332. What are the prime factors of r?
2, 3, 1069
Suppose -y - 4 = -5*o + 27, o - 4*y = 10. Let k(z) = -9*z + 10. Let t be k(o). Let s = 79 + t. List the prime factors of s.
5, 7
Let f(w) = -16*w - 8. Let j be f(-4). Let l = j - 54. Let t(v) = 22*v**2 - 6*v + 3. List the prime factors of t(l).
79
Suppose -w = -8*w - 56. Let f be (-2)/1*2148/w. Suppose 3*x = f + 234. What are the prime factors of x?
257
Let u(q) = 29*q + 290. Let k be u(-10). Suppose c - 3*y + 12 = k, 15*c + 4*y - 23 = 14*c. List the prime factors of c.
3
Let c = 16141 - 9199. What are the prime factors of c?
2, 3, 13, 89
Let c(o) = -5*o**2 + 3*o**3 - 4*o**3 + 11 + 0*o + 4*o + 3*o. Let a be c(-6). List the prime factors of 1/a - 164/(-5).
3, 11
Let t = 330 - 164. Let b = t - 157. What are the prime factors of b?
3
Let s = 384 - -151. Let a = 342 + s. What are the prime factors of a?
877
Suppose 3*u = -u + 152. Suppo